/(-3) - -3)?
2
Let d(s) = 5*s + 78. Let z be d(-6). What is the hundreds digit of (0 + 365)*(z/20)/4?
2
Let u = -7654 - -12057. What is the units digit of u?
3
Suppose 23 - 2 = 3*y. Let h be (-11 - -10) + (8 - -1). Suppose -h*x + 6 = -y*x. What is the units digit of x?
6
Let f be (-8 + -1)/((-9)/12). Suppose -11*n = -f*n + 156. What is the tens digit of n?
5
Suppose 0 = -5*o - 14*a + 16*a + 3916, 3922 = 5*o - 4*a. What is the hundreds digit of o?
7
Suppose -3*t - 3*b = -1449 - 426, -b = 5*t - 3105. What is the tens digit of t?
2
Let y(c) = 5*c - 3*c + 16 - c. Let x be y(-12). Suppose t - 3*s = 6, -t = x*s - 2 - 39. What is the units digit of t?
1
Let g(x) = -86*x - 1. What is the hundreds digit of g(-2)?
1
Let f be 6/4 - 243/(-6). Suppose 0 = -3*i + f + 228. What is the tens digit of i?
9
Let l = 136 - 129. Suppose -l*f + 9*f = 264. What is the tens digit of f?
3
Suppose -74*p = -69956 - 22544. What is the hundreds digit of p?
2
Let n = 33 + -28. Suppose -n*h = -3*h - 4*u - 38, -4*u - 67 = -3*h. Let k = h + -18. What is the tens digit of k?
1
Suppose -4*d - 3*h = -4, -2*d + 2*h - 3 + 5 = 0. What is the tens digit of (44/(-8) + 6)/(d/126)?
6
Suppose 2*p - 3 = 13. Suppose q - 6 = p. What is the units digit of q?
4
Let s be 1682/5 + 20/(-50). Suppose -v = 5*v - s. What is the units digit of v?
6
Let v(w) = w**3 - w - 1. Let k be v(2). Suppose k*o + 0*c - 4*c - 776 = 0, -5*o - c + 781 = 0. What is the tens digit of o?
5
Suppose -n = 3*l - 230, 5*l - 10*n = -15*n + 390. Suppose -l = -2*s + 394. What is the tens digit of s?
3
Suppose j - 5*a - 881 = 305, j - 1198 = a. What is the units digit of j?
1
Let g(t) = -8*t - 3. Let l(f) = f - 4. Let c be l(0). What is the units digit of g(c)?
9
Suppose -14 = 2*t - 5*t - 5*b, 4*t + 2*b = 14. Suppose 160 = 5*c - t*c. Suppose 3*s - 7*s = -c. What is the units digit of s?
0
Suppose -2*h + 3*p = -17, -10 + 4 = 2*p. Suppose -2*y - 4*u + h = 0, 4*u = 4*y - u - 8. Suppose -4*r = -y*r - 84. What is the units digit of r?
2
What is the hundreds digit of -2 - (-26)/12 - (-805176)/432?
8
Suppose 3*v + 19 = 1. What is the units digit of (-884)/(-12) - (-4)/v?
3
Let g(d) = 11*d**2 - 9*d + 1. What is the units digit of g(-7)?
3
Let f(n) = n**3 + 2*n + 2. Let k be f(-3). Let u = -51 - k. Let o = -9 - u. What is the units digit of o?
1
Let i = -16 + 73. Let b = 39 - i. What is the tens digit of ((-28)/(-6))/((-4)/b)?
2
Let u be (12/18)/((-4)/(-18)). Suppose 0 = 3*n - u*f - 108, -4*n + 3*f - 7 = -153. What is the tens digit of n?
3
Suppose 2*h + 2*z = h + 13, -h - 5*z = -25. Suppose -h*a = -27 - 38. What is the tens digit of a?
1
Let x = -695 + 1241. What is the units digit of x?
6
Let h(v) be the second derivative of -v**5/2 - v**4/4 - 2*v**3/3 - v**2/2 - v. What is the tens digit of h(-2)?
7
Let i = -21 - -42. Let z = -13 + i. Suppose -q + z = 3*n, n - q - 8 = -0*q. What is the units digit of n?
4
Suppose 6*j - 3*j = -30. What is the units digit of (0 - 5/j)*304?
2
Suppose 5*m = 3*g + 25, -m + 0*g + 2*g + 5 = 0. Let t be (m + -4)*(1 - 16). Let r = t + 21. What is the units digit of r?
6
Let r(i) = i + i - 5*i + 2 - 3*i. Let k be r(10). Let d = k - -105. What is the units digit of d?
7
Suppose -2*v = 24*w - 19*w - 4158, -4*v = -2*w - 8364. What is the hundreds digit of v?
0
Suppose -29*p + 2758 = -22*p. What is the units digit of p?
4
Let u be (-3)/(14/(-4) + 2). Suppose -5*y + 387 = 3*m, 0 = -u*y - 2*m + 88 + 66. Let h = 130 - y. What is the tens digit of h?
5
Let r = 334 - 144. Suppose r = -3*m + 8*m. What is the units digit of m?
8
Suppose 4*p + j = 80, -p + 100 = 4*p + 5*j. Suppose 2*k - k = p. What is the units digit of 4*(k/16 + 1)?
9
Suppose -4*o = 5*n - 1882, -3*n + 4*n + 5*o = 389. What is the units digit of n?
4
Let l = 618 + -10. What is the tens digit of l?
0
Suppose 5*v - 2*v - 16 = 2*o, 2*v = 4. What is the units digit of (-118)/o + (-12)/(-30)?
4
Suppose -o + 6*o + 5 = 0. Let q(n) = -44*n + 1. Let m be q(o). What is the units digit of 4/(-18) + 1000/m?
2
Suppose -7*m + 931 = -210. What is the tens digit of m?
6
Let z(o) = 23 + 5*o**2 - 8 - 8 - 5*o - o. What is the units digit of z(4)?
3
Let w = 357 - 61. What is the tens digit of w?
9
Let h(u) = 0*u + 17*u + 2 + 4*u - 6. What is the tens digit of h(3)?
5
Let r = 62 - 32. Suppose 930 = 8*x - r. What is the units digit of x?
0
Suppose 2*o - 1315 = -295. What is the units digit of o?
0
Suppose -5*d = 20 + 5. Let j = d - -14. Suppose 2*a = -0*a - 3*l + j, -4*l = 4. What is the units digit of a?
6
Suppose 0 = -14*p + 10*p + 44. Let r = -4 + p. Let y = 46 - r. What is the units digit of y?
9
Suppose -5*f + 5*n + 125 = 0, 34 = -3*f + 2*n + 111. Suppose 2*w = f + 27. What is the units digit of w?
7
Let v = 87 + -34. Suppose b = v + 18. What is the units digit of b?
1
What is the units digit of 240/160*(-5852)/(-6)?
3
Let q be (-18)/(-5) + (-4)/(-10). Suppose 2*z = t - 2, 0 = 5*z + 4*t - 1 - 20. Suppose 5*j + q*w = 51, j = 5*w - 14 + z. What is the units digit of j?
7
Suppose 2*k + 59 = -1033. Let f be (-4)/3*k/(-28). Let m = -3 - f. What is the units digit of m?
3
Suppose 5*c + 84 + 14 = 4*m, -3*c = 6. What is the tens digit of m?
2
Suppose -2654 = -6*o + 478. Let c = o - 348. What is the units digit of c?
4
Let y(o) = 128*o**2 + 22*o - 1. What is the hundreds digit of y(4)?
1
Suppose -11*r = 17*r - 61516. What is the hundreds digit of r?
1
Let a(s) be the second derivative of -s**4/12 - 11*s**3/6 + 5*s**2/2 - 15*s. What is the tens digit of a(-7)?
3
Suppose -3*o = 5*g - 138, 5*g - 5*o - 96 - 74 = 0. Let w = 31 - g. What is the units digit of w?
1
Let n = 221 + -101. Suppose -2*w = 3*w - n. Suppose k + 4*y - w = 0, 5*y - 18 + 188 = 5*k. What is the units digit of k?
2
Let a(p) = p - 9. Let t be a(5). What is the units digit of t/4*(1 - 49)?
8
Let i be (45/(-10))/(4/88). Let n = 140 + i. What is the units digit of n?
1
Let i be 7/(3 - (-5)/(-2)). Suppose 5*u + i + 36 = 0. Let j = 13 + u. What is the units digit of j?
3
Suppose -20*d + 5*o - 15104 = -24*d, 4*o + 15140 = 4*d. What is the units digit of d?
1
Let b(o) = 9*o**2 + 4*o + 9. Let w be b(8). Suppose 79 + w = 4*m. What is the units digit of m?
4
Suppose j - 22 = -2*o + 47, 2*o - 276 = -4*j. Let z(v) = v**2 + 7*v + 1. Let i be z(-11). Suppose j = 3*k - i. What is the units digit of k?
8
Let m = -454 + 646. Suppose -117*l = -118*l + m. What is the units digit of l?
2
Suppose -2590 = -7*r - 7. What is the tens digit of r?
6
Suppose 2*a = 4 + 18. Suppose -2*m = -4*x + 6, 5*x + 3*m - a = 2*m. What is the units digit of x?
2
Suppose 0 = 4*d - 5*d - 50. Let u = 58 + d. What is the units digit of u?
8
Let y be -24*(-3 - 9/(-2)). What is the tens digit of 63/y*88/(-2)?
7
Let k = 685 - 2020. What is the tens digit of 1/(k/(-3275) + (-2)/5)?
3
Let f = -397 - -658. Suppose d = -4*k + 228, 4*k + 2*d = -29 + f. What is the tens digit of k?
5
Let d = 37 - 34. Suppose 43 - 166 = -d*i. What is the units digit of i?
1
Let j = 1619 - 456. What is the tens digit of j?
6
Let z(n) = n**3 + 6*n**2 - 7*n + 4. Let q be z(-7). Suppose -72 = -7*a + q*a. Suppose 0 = p - a - 9. What is the units digit of p?
3
Let t be 0 - 7 - -1*2. Let q be 2/(-10) - 1/t. Suppose -2*y = -3*d + d - 66, q = 5*y - d - 149. What is the tens digit of y?
2
Let c(p) = p**3 - 25*p**2 - 8*p - 16. What is the units digit of c(26)?
2
Suppose -392 = -4*u + 3*h, -2*u = 5*h - 92 - 78. What is the units digit of u?
5
Suppose 0*z + z = 44. Let k = -13 + z. What is the units digit of k?
1
Let u(m) = m - 1. Let i(f) = 3*f - 2. Let k(x) = -3*i(x) + 5*u(x). Let h be (-4)/18 + (-395)/45. What is the tens digit of k(h)?
3
Let h(d) = 8 - 2 - 2 + 0*d - 3*d. Let s be h(-2). Suppose -l + s = -6. What is the units digit of l?
6
Let y(k) = -k + k + 1 + 8*k + 6. Let w(u) = u + 1. Let a(o) = -6*w(o) + y(o). What is the units digit of a(0)?
1
Let m = 14 - 14. Suppose -3*j + 5 + 37 = m. What is the tens digit of 1250/35 - (-4)/j?
3
Let b = -2429 - -3684. What is the thousands digit of b?
1
What is the units digit of 1*-1 + (271 - -7) + -1?
6
Let b(h) = 20*h - 55. Suppose 3*i - 4*r = 26, i - 5*i - 2*r + 42 = 0. What is the units digit of b(i)?
5
Suppose 2*x = -70 - 332. Let k = x + 328. What is the units digit of k?
7
Let w(y) = -y**3 + 8*y**2 - 10*y - 6. Let v be w(6). Suppose -129 = 